20221
-4222560 (base 8) to base 14
-213720
Convert -1101110011001100 (base 2) to base 4.
-31303030
Convert 122121110111 (base 3) to base 9.
577414
What is -11021300212 (base 4) in base 12?
-55179a
-5d7914 (base 14) to base 5
-1310201033
Convert 5a671 (base 15) to base 13.
a1314
2819ee (base 15) to base 5
443214444
Convert -5252132 (base 6) to base 14.
-69316
What is 7172303 (base 9) in base 10?
3826767
-20242 (base 14) to base 8
-226742
-21122244 (base 5) to base 15
-374b9
What is 142122301 (base 5) in base 13?
1cb530
-18a40 (base 13) to base 3
-2102200022
-1110000010011101101 (base 2) to base 14
-bd901
322003032 (base 4) to base 9
402143
Convert 3870464 (base 13) to base 5.
14004321311
15518447 (base 9) to base 13
17b392a
137263 (base 12) to base 9
542673
-1344224 (base 8) to base 13
-1036a0
What is 882957 (base 10) in base 8?
3274415
Convert 5b1032 (base 12) to base 16.
167de6
What is -147b2 (base 12) in base 6?
-341142
Convert -319562 (base 15) to base 9.
-4386702
Convert 55195 (base 11) to base 7.
452325
101000011010110 (base 2) to base 15
61e9
12362743 (base 8) to base 11
1605a87
Convert -12ab73 (base 12) to base 15.
-61970
What is 1105442 (base 7) in base 10?
136397
What is -3e021 (base 15) in base 10?
-199156
Convert 61770 (base 9) to base 11.
28663
What is 32200020 (base 4) in base 7?
335115
Convert -aa37a (base 13) to base 7.
-2422336
Convert -10000011010000100101 (base 2) to base 7.
-4366312
What is 1134433355 (base 6) in base 15?
11d35a2
What is -b94c3 (base 16) in base 14?
-15a84b
-54448 (base 12) to base 6
-2214532
What is -220063 (base 8) in base 5?
-4330104
Convert -21130211322 (base 4) to base 5.
-1113221120
What is 5a6252 (base 12) in base 13?
3c273b
17624 (base 9) to base 12
7064
1001001011111000100 (base 2) to base 5
34112441
Convert 320030011223 (base 4) to base 15.
145e4be
What is -1241042 (base 5) in base 14?
-8d18
11010010111010011101 (base 2) to base 9
1556040
What is -7492986 (base 10) in base 8?
-34452572
What is -21500554 (base 6) in base 9?
-1183557
What is -cd548 (base 16) in base 4?
-3031111020
What is 170217 (base 9) in base 15?
21254
What is -3547142 (base 11) in base 6?
-340344030
15ba77 (base 12) to base 10
373051
Convert 10011110101111100000 (base 2) to base 16.
9ebe0
2712620 (base 8) to base 7
6311236
Convert -10a37 (base 15) to base 10.
-52927
What is -1454252 (base 6) in base 15?
-1a3a8
Convert 878c3 (base 14) to base 8.
1201123
Convert -2122300131 (base 4) to base 5.
-130241020
What is 73984 (base 14) in base 15?
57a19
Convert -2333010323 (base 4) to base 13.
-21530c
Convert -11311021 (base 4) to base 10.
-23881
-215311 (base 10) to base 15
-43be1
Convert -410546 (base 7) to base 10.
-69908
-206a4 (base 13) to base 7
-331612
Convert -a225 (base 14) to base 5.
-1342430
302504 (base 6) to base 3
1012211211
What is 4125b (base 16) in base 10?
266843
-19473d (base 14) to base 11
-56217a
Convert 21434311 (base 5) to base 7.
1405461
What is -78498 (base 14) in base 12?
-120a32
What is -210121002010 (base 3) in base 15?
-85e29
-aa651b (base 13) to base 5
-2011400331
What is -83a77b (base 13) in base 12?
-1045baa
Convert -18a3 (base 14) to base 16.
-1167
113189 (base 11) to base 6
3504515
Convert 453916 (base 11) to base 12.
2aa150
What is -1120220221 (base 3) in base 13?
-11320
What is 1815263 (base 10) in base 12?
7365bb
210010102010 (base 3) to base 11
264468
What is 162721 (base 9) in base 6?
2053031
Convert 40555a (base 11) to base 4.
2133010021
What is 6e377c (base 15) in base 5?
2322324232
Convert -16657a (base 11) to base 6.
-5304251
What is 47529 (base 12) in base 9?
155356
What is 3014253 (base 7) in base 10?
356856
Convert 8243822 (base 10) to base 16.
7dca6e
What is 5335251 (base 6) in base 2?
111111111000101111
Convert 1577bc (base 16) to base 3.
2122110220201
What is -112424000 (base 6) in base 11?
-11a6349
What is -31753 (base 16) in base 5?
-22440304
Convert -7ef907 (base 16) to base 5.
-4112240122
Convert -1781dc (base 16) to base 2.
-101111000000111011100
-1753206 (base 12) to base 2
-10010011100111001100110
-2201002012 (base 3) to base 5
-3201101
What is -11156284 (base 9) in base 10?
-5410876
3123031230 (base 4) to base 15
12b0a0
271313 (base 8) to base 10
94923
12100011110 (base 3) to base 15
21216
What is 12112210022 (base 3) in base 12?
53238
What is -18733b4 (base 14) in base 3?
-211210020211012
100101210101 (base 3) to base 9
311711
What is -20a5 (base 15) in base 4?
-1223321
Convert -12b1b (base 15) to base 4.
-32213210
What is 203000330 (base 5) in base 12?
33b35b
What is 40144345 (base 6) in base 2?
100010100110010001001
2c6599 (base 13) to base 5
240140341
-2f22d (base 16) to base 11
-122068
-447000 (base 8) to base 11
-a352a
-3051135 (base 6) to base 7
-1150523
-1321021110 (base 5) to base 14
-61bdd6
26461 (base 9) to base 15
546a
-209b129 (base 12) to base 11
-353a501
What is 32441040 (base 6) in base 13?
27c474
Convert 7420d (base 16) to base 2.
1110100001000001101
Convert 100001110011110001001 (base 2) to base 9.
2067613
Convert -30465 (base 13) to base 4.
-111012222
Convert -415512 (base 8) to base 7.
-1113334
What is -2044233 (base 5) in base 13?
-1280b
Convert 15015250 (base 6) to base 3.
222012101210
Convert -20729 (base 11) to base 5.
-1431120
435b1 (base 12) to base 2
10101101110010101
What is -1220442404 (base 5) in base 6?
-142141335
Convert -22b309 (base 13) to base 5.
-202340031
20480b (base 13) to base 5
143041422
Convert 407333 (base 8) to base 13.
49510
What is -1052067 (base 8) in base 7?
-2261060
What is 290713 (base 10) in base 4?
1012332121
Convert -2004129 (base 10) to base 8.
-7512241
332532 (base 7) to base 4
32103102
Convert -111441004 (base 6) to base 16.
-1f2b5c
What is 1316525 (base 7) in base 2?
101010001011111001
100001110010011001001101 (base 2) to base 14
1267b89
241a708 (base 11) to base 10
4216132
133133301 (base 5) to base 9
1242104
What is -da61 (base 16) in base 15?
-11870
What is -379766 (base 12) in base 8?
-3355776
What is 1561420 (base 7) in base 15?
442cd
-8a0ae (base 15) to base 11
-27a843
827608 (base 9) to base 16
77e67
What is -10f577 (base 16) in base 2?
-100001111010101110111
1cb9 (base 16) to base 5
213403
What is -2b478b (base 12) in base 14?
-1515b5
What is 72a748 (base 15) in base 7?
64225553
Convert -23c68 (base 16) to base 15.
-2d641
What is 8533c8 (base 13) in base 6?
150514203
-63b4c (base 16) to base 4
-1203231030
What is -4076cc (base 13) in base 7?
-15523142
182d (base 16) to base 15
1c79
-3ec938 (base 16) to base 3
-21202001100221
Convert 222221102110121 (base 3) to base 8.
66474514
Convert 2d6d10 (base 15) to base 11.
1272a3a
Convert -75371 (base 15) to base 3.
-200220022221
What is -111010201201111 (base 3) in base 15?
-92dbc4
Convert -11113032 (base 4) to base 5.
-1200331
1206733 (base 9) to base 3
1020020211010
What is -191a96 (base 11) in base 16?
-4822a
-210031213 (base 4) to base 3
-21112110121
-1ba70 (base 12) to base 9
-62543
Convert 2031425 (base 7) to base 13.
8682b
Convert -657478 (base 15) to base 13.
-1003382
8749947 (base 10) to base 14
123aa83
2358b (base 13) to base 6
1215225
Convert 6091 (base 16) to base 13.
b338
What is 14b7110 (base 15) in base 10?
15008865
What is -22030221002 (base 4) in base 8?
-12145102
471380 (base 10) to base 6
14034152
15048b (base 14) to base 3
1101010111002
Convert 215754 (base 8) to base 14.
1c6ba
Convert -2462d (base 16) to base 4.
-210120231
What is -1077117 (base 8) in base 15?
-5c3be
Convert -450172 (base 8) to base 7.
-1201125
-3321102132 (base 4) to base 10
-1021086
-5b7cd (base 14) to base 9
-371015
What is 1120435 (base 8) in base 11?
197a39
What is 2661477 (base 12) in base 14?
1018975
What is 71730 (base 11) in base 15?
2104d
-110001110000011 (base 2) to base 4
-12032003
560a76 (base 11) to base 3
1200102212201
What is -2049141 (base 10) in base 4?
-13310101311
Convert 21110020022 (base 3) to base 10.
146699
2bdc31 (base 14) to base 16
177123
861538 (base 11) to base 15
1c3571
What is e411e5 (base 15) in base 13?
2325b7b
What is 1e30b (base 15) in base 7?
560231
Convert -31c32 (base 13) to base 15.
-1b9b9
Convert 679109 (base 10) to base 2.
10100101110011000101
What is 85054 (base 15) in base 4?
1213001002
347070 (base 9) to base 3
101121002100
Convert -1331033021